{"id":68,"date":"2018-09-21T15:00:53","date_gmt":"2018-09-21T15:00:53","guid":{"rendered":"https:\/\/schliessanlagen-saar.de\/?page_id=68"},"modified":"2026-03-11T09:58:25","modified_gmt":"2026-03-11T09:58:25","slug":"impressum","status":"publish","type":"page","link":"https:\/\/schliessanlagen-saar.de\/?page_id=68","title":{"rendered":"Impressum"},"content":{"rendered":"<div id=\"pl-68\"  class=\"panel-layout\" ><div id=\"pg-68-0\"  class=\"panel-grid panel-no-style\" ><div id=\"pgc-68-0-0\"  class=\"panel-grid-cell\" ><div id=\"panel-68-0-0-0\" class=\"so-panel widget widget_sow-editor panel-first-child panel-last-child\" data-index=\"0\" ><div\n\t\t\t\n\t\t\tclass=\"so-widget-sow-editor so-widget-sow-editor-base\"\n\t\t\t\n\t\t>\n<div class=\"siteorigin-widget-tinymce textwidget\">\n\t<div class=\"fusion-fullwidth fullwidth-box nonhundred-percent-fullwidth\">\n<div class=\"fusion-builder-row fusion-row \">\n<div class=\"fusion-layout-column fusion_builder_column fusion_builder_column_1_1 fusion-one-full fusion-column-first fusion-column-last fusion-column-no-min-height 1_1\">\n<div class=\"fusion-column-wrapper\" data-bg-url=\"\">\n<div class=\"fusion-title title sep-underline sep-solid fusion-title-size-two fusion-border-below-title\">\n<h2 class=\"title-heading-left\" data-fontsize=\"24\" data-lineheight=\"27\">Impressum<\/h2>\n<\/div>\n<p><b>Saarbr\u00fccker Schl\u00fcsseldienst GmbH<\/b><br \/>\nKo\u00dfmannstra\u00dfe 39, 66119 Saarbr\u00fccken<br \/>\nTelefon 0681 \/ 811 845<br \/>\nTelefax 0681 \/ 811 900<br \/>\nE-Mail: <a href=\"mailto:info@sbr-schluesseldienst.de\">info@sbr-schluesseldienst.de<\/a><br \/>\nGesch\u00e4ftsf\u00fchrer: Klaus Beilmann, Albert Marekfia, Christian Bastuck<br \/>\nRegistergericht: Amtsgericht Saarbr\u00fccken<br \/>\nHRB-Nummer: 11942<br \/>\nUSt.-Id.: DE 205941886<\/p>\n<p>Zust\u00e4ndige Kammer:<br \/>\nIndustrie und Handelskammer des Saarlandes<\/p>\n<div class=\"fusion-clearfix\"><\/div>\n<\/div>\n<\/div>\n<\/div>\n<\/div>\n<div class=\"fusion-fullwidth fullwidth-box hundred-percent-fullwidth\">\n<div class=\"fusion-builder-row fusion-row \">\n<div class=\"fusion-layout-column fusion_builder_column fusion_builder_column_1_1 fusion-one-full fusion-column-first fusion-column-last fusion-column-no-min-height 1_1\">\n<div class=\"fusion-column-wrapper\" data-bg-url=\"\">\n<div class=\"fusion-separator fusion-full-width-sep sep-double sep-solid\">\n<hr \/>\n<\/div>\n<div class=\"fusion-clearfix\"><\/div>\n<\/div>\n<\/div>\n<\/div>\n<\/div>\n<div class=\"fusion-fullwidth fullwidth-box nonhundred-percent-fullwidth\">\n<div class=\"fusion-builder-row fusion-row \">\n<div class=\"fusion-layout-column fusion_builder_column fusion_builder_column_1_1 fusion-one-full fusion-column-first fusion-column-last fusion-column-no-min-height 1_1\">\n<div class=\"fusion-column-wrapper\" data-bg-url=\"\">\n<div class=\"fusion-title title sep-underline sep-solid fusion-title-size-two fusion-border-below-title\">\n<h2 class=\"title-heading-left\" data-fontsize=\"24\" data-lineheight=\"27\">Haftungsausschlu\u00df<\/h2>\n<\/div>\n<p>Trotz sorgf\u00e4ltiger inhaltlicher Kontrolle \u00fcbernehmen wir keine Haftung f\u00fcr die Inhalte externer Links. F\u00fcr den Inhalt der verlinkten Seiten sind ausschlie\u00dflich deren Betreiber verantwortlich.<\/p>\n<p>1. Inhalt des Onlineauftritts<br \/>\nDie Saarbr\u00fccker Schl\u00fcsseldienst GmbH \u00fcbernimmt keine Gew\u00e4hr f\u00fcr die Korrektheit, Aktualit\u00e4t oder Vollst\u00e4ndigkeit der bereitgestellten Informationen.<\/p>\n<p>Haftungsanspr\u00fcche gegen die Saarbr\u00fccker Schl\u00fcsseldienst GmbH, die durch die Nutzung der dargebotenen Informationen bzw. durch die Nutzung fehlerhafter und\/oder unvollst\u00e4ndiger Informationen verursacht wurden, sind grunds\u00e4tzlich ausgeschlossen, sofern seitens der Saarbr\u00fccker Schl\u00fcsseldienst GmbH kein nachweislich vors\u00e4tzliches oder grob fahrl\u00e4ssiges Verschulden vorliegt. Die Saarbr\u00fccker Schl\u00fcsseldienst GmbH beh\u00e4lt sich ausdr\u00fccklich \u00c4nderungen, Erg\u00e4nzungen, L\u00f6schungen oder die Einstellung der Ver\u00f6ffentlichung (zeitweise oder endg\u00fcltig) f\u00fcr Teile der Seiten oder das gesamte Angebot ohne gesonderte Ank\u00fcndigung vor. Alle Angebote sind freibleibend.<\/p>\n<p>2. Urheberrecht<br \/>\nDie Saarbr\u00fccker Schl\u00fcsseldienst GmbH bem\u00fcht sich, die Urheberrechte von Grafiken, Videosequenzen, Soundelementen und Texten zu beachten. Deshalb nutzt die Saarbr\u00fccker Schl\u00fcsseldienst GmbH \u00fcberwiegend selbst erstellte Elemente oder greift auf lizenzfreie Elemente zur\u00fcck. Das Copyright bleibt allein bei der Saarbr\u00fccker Schl\u00fcsseldienst GmbH. Die Vervielf\u00e4ltigung oder Verwendung von Elementen in anderen elektronischen oder gedruckten Ver\u00f6ffentlichungen ist ohne schriftliche Zustimmung von der Saarbr\u00fccker Schl\u00fcsseldienst GmbH nicht gestattet.<\/p>\n<p>3. Markennennungen<br \/>\nAlle innerhalb des Onlineauftritts genannten und gegebenenfalls durch Dritte gesch\u00fctzten Marken unterliegen uneingeschr\u00e4nkt den gesetzlichen Bestimmungen des jeweils g\u00fcltigen Kennzeichenrechts und den Besitzrechten der jeweiligen Eigent\u00fcmer. Die blo\u00dfe Nennung von Marken ohne Kennzeichnung (\u00ae,TM) l\u00e4\u00dft dabei nicht den Schluss zu, dass Markenzeichen nicht durch Rechte Dritter gesch\u00fctzt sind!<\/p>\n<p>4. Datenschutz<br \/>\nSofern die Nutzer von der innerhalb des Onlineauftritts angebotene M\u00f6glichkeit zur Eingabe pers\u00f6nlicher oder gesch\u00e4ftlicher Daten (Emailadressen, Namen, Anschriften) Gebrauch machen, so erfolgt dies auf ausdr\u00fccklich freiwilliger Basis.<\/p>\n<p>5. Nutzung von Unternehmensinformationen<br \/>\nDie Nutzung der in unserem Onlineauftritt ver\u00f6ffentlichten Daten (Postanschriften, Telefon- und Faxnummern sowie Emailadressen) durch Dritte zur \u00dcbersendung von nicht ausdr\u00fccklich angeforderten Informationen ist nicht gestattet.<\/p>\n<p>6. Verweise und Links<br \/>\nBei Verweisen auf fremde Webseiten, die au\u00dferhalb des Onlineauftritts der Saarbr\u00fccker Schl\u00fcsseldienst GmbH liegen, w\u00fcrde eine Haftungsverpflichtung ausschlie\u00dflich in dem Fall in Kraft treten, in dem der Autor von den Inhalten Kenntnis hat und es ihm technisch m\u00f6glich und zumutbar w\u00e4re, die Nutzung im Falle rechtswidriger Inhalte zu verhindern. Die Saarbr\u00fccker Schl\u00fcsseldenst GmbH erkl\u00e4rt hiermit ausdr\u00fccklich, dass zum Zeitpunkt der Linksetzung die zu verlinkenden Seiten nach bestem Wissen \u00fcberpr\u00fcft worden sind. Zu diesem Zeitpunkt waren keine illegalen Inhalte erkennbar. Die Saarbr\u00fccker Schl\u00fcsseldenst GmbH hat keinen Einfluss auf die aktuelle und zuk\u00fcnftige Gestaltung, die Inhalte oder die Urheberschaft der verlinkten Seiten. Die Saarbr\u00fccker Schl\u00fcsseldenst GmbH distanziert sich ausdr\u00fccklich von allen Inhalten aller verlinkten Seiten, die nach der Linksetzung ver\u00e4ndert wurden. Dies gilt f\u00fcr alle innerhalb des Internetauftritts gesetzten Links. F\u00fcr illegale, fehlerhafte oder unvollst\u00e4ndige Inhalte und insbesondere f\u00fcr Sch\u00e4den, die aus der Nutzung oder Nichtnutzung solcher dargebotenen Informationen entstehen, haftet allein der Betreiber der Seite, auf welche verwiesen wurde, nicht derjenige, der \u00fcber Links auf die jeweilige Ver\u00f6ffentlichung verweist.<\/p>\n<p>7. SCHUTZRECHTSVERLETZUNG \u2013 Keine Abmahnung ohne vorherigen Kontakt!<br \/>\nSollte der Inhalt oder die Gestaltung dieser Seiten fremde Rechte Dritter oder gesetzliche Bestimmungen verletzen, so bitten wir um eine entsprechende Nachricht ohne Kostennote. Die Beseitigung einer m\u00f6glicherweise von diesen Seiten ausgehenden Schutzrecht-Verletzung durch Schutzrecht-Inhaber selbst darf nicht ohne unsere ausdr\u00fcckliche Zustimmung stattfinden. Wir garantieren, dass zu Recht beanstandeten Passagen unverz\u00fcglich entfernt werden, ohne dass von Ihrer Seite die Einschaltung eines Rechtsbeistandes erforderlich ist. Dennoch von Ihnen ohne vorherige Kontaktaufnahme ausgel\u00f6ste Kosten werden wir vollumf\u00e4nglich zur\u00fcckweisen und gegebenenfalls Gegenklage wegen Verletzung vorgenannter Bestimmungen einreichen. Falls Sie vermuten, dass von dieser Website aus eines Ihrer Schutzrechte verletzt wird, teilen Sie das bitte umgehend per elektronischer Post mit, damit umgehend Abhilfe geschafft werden kann.<br \/>\nBitte nehmen Sie zur Kenntnis: Die zeitaufw\u00e4ndigere Einschaltung eines Anwaltes zur f\u00fcr den Diensteanbieter kostenpflichtigen Abmahnung, entspricht nicht dessen wirklichen oder mutma\u00dflichen Willen.<\/p>\n<p>8. Rechtswirksamkeit dieses Haftungsausschlusses<br \/>\nDieser Haftungsausschluss ist Teil des Onlineauftritts, von dem aus auf diese Seite verwiesen wurde. Sollten Teile oder einzelne Formulierungen dieses Textes der geltenden Rechtslage nicht, nicht mehr oder nicht vollst\u00e4ndig entsprechen, bleiben die \u00fcbrigen Teile des Dokumentes in ihrem Inhalt und ihrer G\u00fcltigkeit davon unber\u00fchrt.<\/p>\n<p>9. Datenschutzerkl\u00e4rung f\u00fcr die Nutzung von Facebook-Plugins (Like-Button)<br \/>\nAuf unseren Seiten sind Plugins des sozialen Netzwerks Facebook, 1601 South California Avenue, Palo Alto, CA 94304, USA integriert. Die Facebook-Plugins erkennen Sie an dem Facebook-Logo oder dem \u201eLike-Button\u201c (\u201eGef\u00e4llt mir\u201c) auf unserer Seite. Eine \u00dcbersicht \u00fcber die Facebook-Plugins finden Sie hier: http:\/\/developers.facebook.com\/docs\/plugins\/. Wenn Sie unsere Seiten besuchen, wird \u00fcber das Plugin eine direkte Verbindung zwischen Ihrem Browser und dem Facebook-Server hergestellt. Facebook erh\u00e4lt dadurch die Information, dass Sie mit Ihrer IP-Adresse unsere Seite besucht haben. Wenn Sie den Facebook \u201eLike-Button\u201c anklicken w\u00e4hrend Sie in Ihrem Facebook-Account eingeloggt sind, k\u00f6nnen Sie die Inhalte unserer Seiten auf Ihrem Facebook-Profil verlinken. Dadurch kann Facebook den Besuch unserer Seiten Ihrem Benutzerkonto zuordnen. Wir weisen darauf hin, dass wir als Anbieter der Seiten keine Kenntnis vom Inhalt der \u00fcbermittelten Daten sowie deren Nutzung durch Facebook erhalten. Weitere Informationen hierzu finden Sie in der Datenschutzerkl\u00e4rung von facebook unter http:\/\/de-de.facebook.com\/policy.php<\/p>\n<p>Wenn Sie nicht w\u00fcnschen, dass Facebook den Besuch unserer Seiten Ihrem Facebook-Nutzerkonto zuordnen kann, loggen Sie sich bitte aus Ihrem Facebook-Benutzerkonto aus.<\/p>\n<\/div>\n<\/div>\n<\/div>\n<\/div>\n<\/div>\n<\/div><\/div><\/div><\/div><\/div>","protected":false},"excerpt":{"rendered":"<p>Impressum Saarbr\u00fccker Schl\u00fcsseldienst GmbH Ko\u00dfmannstra\u00dfe 39, 66119 Saarbr\u00fccken Telefon 0681 \/ 811 845 Telefax 0681 \/ 811 900 E-Mail: info@sbr-schluesseldienst.de Gesch\u00e4ftsf\u00fchrer: Klaus Beilmann, Albert Marekfia, Christian Bastuck Registergericht: Amtsgericht Saarbr\u00fccken HRB-Nummer: 11942 USt.-Id.: DE 205941886 Zust\u00e4ndige Kammer: Industrie und Handelskammer<\/p>\n","protected":false},"author":1,"featured_media":0,"parent":0,"menu_order":0,"comment_status":"closed","ping_status":"closed","template":"","meta":{"footnotes":""},"class_list":["post-68","page","type-page","status-publish","hentry"],"_links":{"self":[{"href":"https:\/\/schliessanlagen-saar.de\/index.php?rest_route=\/wp\/v2\/pages\/68","targetHints":{"allow":["GET"]}}],"collection":[{"href":"https:\/\/schliessanlagen-saar.de\/index.php?rest_route=\/wp\/v2\/pages"}],"about":[{"href":"https:\/\/schliessanlagen-saar.de\/index.php?rest_route=\/wp\/v2\/types\/page"}],"author":[{"embeddable":true,"href":"https:\/\/schliessanlagen-saar.de\/index.php?rest_route=\/wp\/v2\/users\/1"}],"replies":[{"embeddable":true,"href":"https:\/\/schliessanlagen-saar.de\/index.php?rest_route=%2Fwp%2Fv2%2Fcomments&post=68"}],"version-history":[{"count":4,"href":"https:\/\/schliessanlagen-saar.de\/index.php?rest_route=\/wp\/v2\/pages\/68\/revisions"}],"predecessor-version":[{"id":1859,"href":"https:\/\/schliessanlagen-saar.de\/index.php?rest_route=\/wp\/v2\/pages\/68\/revisions\/1859"}],"wp:attachment":[{"href":"https:\/\/schliessanlagen-saar.de\/index.php?rest_route=%2Fwp%2Fv2%2Fmedia&parent=68"}],"curies":[{"name":"wp","href":"https:\/\/api.w.org\/{rel}","templated":true}]}}