{"id":12,"date":"2018-09-20T15:22:02","date_gmt":"2018-09-20T15:22:02","guid":{"rendered":"https:\/\/schliessanlagen-saar.de\/?page_id=12"},"modified":"2021-04-27T13:47:01","modified_gmt":"2021-04-27T13:47:01","slug":"ein-startseiten-abschnitt","status":"publish","type":"page","link":"https:\/\/schliessanlagen-saar.de\/?page_id=12","title":{"rendered":"Wir beraten Sie vor Ort"},"content":{"rendered":"<div id=\"pl-12\"  class=\"panel-layout\" ><div id=\"pg-12-0\"  class=\"panel-grid panel-has-style\" ><div class=\"siteorigin-panels-stretch panel-row-style panel-row-style-for-12-0\" data-stretch-type=\"full-stretched-padded\" ><div id=\"pgc-12-0-0\"  class=\"panel-grid-cell panel-grid-cell-empty\" ><\/div><div id=\"pgc-12-0-1\"  class=\"panel-grid-cell panel-grid-cell-mobile-last\" ><div id=\"panel-12-0-1-0\" class=\"so-panel widget widget_sow-image panel-first-child\" data-index=\"0\" ><div\n\t\t\t\n\t\t\tclass=\"so-widget-sow-image so-widget-sow-image-default-334eeca80698-12\"\n\t\t\t\n\t\t>\n<div class=\"sow-image-container\">\n\t\t<img \n\tsrc=\"https:\/\/schliessanlagen-saar.de\/wp-content\/uploads\/2018\/09\/Beratung.jpg\" width=\"1100\" height=\"380\" srcset=\"https:\/\/schliessanlagen-saar.de\/wp-content\/uploads\/2018\/09\/Beratung.jpg 1100w, https:\/\/schliessanlagen-saar.de\/wp-content\/uploads\/2018\/09\/Beratung-300x104.jpg 300w, https:\/\/schliessanlagen-saar.de\/wp-content\/uploads\/2018\/09\/Beratung-768x265.jpg 768w, https:\/\/schliessanlagen-saar.de\/wp-content\/uploads\/2018\/09\/Beratung-1024x354.jpg 1024w\" sizes=\"(max-width: 1100px) 100vw, 1100px\" alt=\"Beratung\" \t\tclass=\"so-widget-image\"\/>\n\t<\/div>\n\n<\/div><\/div><div id=\"panel-12-0-1-1\" class=\"so-panel widget widget_sow-headline panel-last-child\" data-index=\"1\" ><div\n\t\t\t\n\t\t\tclass=\"so-widget-sow-headline so-widget-sow-headline-default-8f2154d3a3ae-12\"\n\t\t\t\n\t\t><div class=\"sow-headline-container \">\n\t\t\t\t\t\t<div class=\"decoration\">\n\t\t\t\t\t\t<div class=\"decoration-inside\"><\/div>\n\t\t\t\t\t<\/div>\n\t\t\t\t\t<\/div>\n<\/div><\/div><\/div><div id=\"pgc-12-0-2\"  class=\"panel-grid-cell panel-grid-cell-empty\" ><\/div><\/div><\/div><div id=\"pg-12-1\"  class=\"panel-grid panel-no-style\" ><div id=\"pgc-12-1-0\"  class=\"panel-grid-cell\" ><div id=\"panel-12-1-0-0\" class=\"so-panel widget widget_sow-headline panel-first-child\" data-index=\"2\" ><div\n\t\t\t\n\t\t\tclass=\"so-widget-sow-headline so-widget-sow-headline-default-763b9e619513-12\"\n\t\t\t\n\t\t><div class=\"sow-headline-container \">\n\t\t\t\t\t\t\t<h2 class=\"sow-headline\">\n\t\t\t\t\t\tBeratung\t\t\t\t\t\t<\/h2>\n\t\t\t\t\t\t\t\t\t\t\t<div class=\"decoration\">\n\t\t\t\t\t\t<div class=\"decoration-inside\"><\/div>\n\t\t\t\t\t<\/div>\n\t\t\t\t\t<\/div>\n<\/div><\/div><div id=\"panel-12-1-0-1\" class=\"so-panel widget widget_sow-editor panel-last-child\" data-index=\"3\" ><div\n\t\t\t\n\t\t\tclass=\"so-widget-sow-editor so-widget-sow-editor-base\"\n\t\t\t\n\t\t>\n<div class=\"siteorigin-widget-tinymce textwidget\">\n\t<p>Die Saarbr\u00fccker Schl\u00fcsseldienst GmbH ist ein in mehreren Fachbereichen zertifiziertes Unternehmen. So sind wir z.B. auf der Errichterliste der Polizei Saarbr\u00fccken als Fachbetrieb f\u00fcr Sicherheitstechnik gelistet. Diese Beratungskompetenz setzt hohe Investitionen in Personal und Technik voraus.<\/p>\n<p>In unseren Beratungsgespr\u00e4chen wollen wir dem Ratsuchenden die bestm\u00f6gliche L\u00f6sung in Sicherheitsfragen bieten. Ein Gespr\u00e4ch vor Ort unter Ber\u00fccksichtigung der wohnlichen Gegebenheiten sehen wir f\u00fcr eine solvente Beratung daher als erforderlich an.<\/p>\n<p>F\u00fcr eine Beratung zur ABUS Funkalarmanlage Secvest vor Ort am Objekt wird eine Kostenpauschale von 80 Euro erhoben. Diese wird bei Auftragserteilung mit dem Rechnungsbetrag verrechnet. Beratungen in unseren Verkaufsr\u00e4umen bleiben weiterhin kostenlos.<\/p>\n<div class=\"fusion-sep-clear\"><\/div>\n<div class=\"fusion-separator fusion-full-width-sep sep-none\"><\/div>\n<div class=\"fusion-title title fusion-title-size-two fusion-border-below-title\">\n<h2 class=\"title-heading-left\" data-fontsize=\"24\" data-lineheight=\"27\">Mechanische Hausabsicherung \u2013 kostenlose Beratung<\/h2>\n<\/div>\n<p><strong>Wir beraten Sie au\u00dferdem zu allen Aspekten der Hausabsicherung. Dazu geh\u00f6ren vor allem folgende Punkte:<\/strong><\/p>\n<ul>\n<li><strong>Fensterzusatzsicherungen<\/strong><\/li>\n<li><strong>T\u00fcrzusatzsicherungen<\/strong><\/li>\n<li><strong>Panzerriegel<\/strong><\/li>\n<li><strong>Zusatzschl\u00f6sser<\/strong><\/li>\n<li><strong>Schutzbeschl\u00e4ge<\/strong><\/li>\n<li><strong>selbstverriegelnde Panikschl\u00f6sser<\/strong><\/li>\n<li><strong>Motorschl\u00f6sser<\/strong><\/li>\n<\/ul>\n<\/div>\n<\/div><\/div><\/div><\/div><div id=\"pg-12-2\"  class=\"panel-grid panel-no-style\" ><div id=\"pgc-12-2-0\"  class=\"panel-grid-cell\" ><div id=\"panel-12-2-0-0\" class=\"so-panel widget widget_sow-editor panel-first-child panel-last-child\" data-index=\"4\" ><div\n\t\t\t\n\t\t\tclass=\"so-widget-sow-editor so-widget-sow-editor-base\"\n\t\t\t\n\t\t>\n<div class=\"siteorigin-widget-tinymce textwidget\">\n\t<div class=\"su-document su-u-responsive-media-yes\"><iframe loading=\"lazy\" src=\"\/\/docs.google.com\/viewer?embedded=true&url=https:\/\/schliessanlagen-saar.de\/wp-content\/uploads\/2020\/01\/abus-Test.pdf\" width=\"500\" height=\"2500\" class=\"su-document\" title=\"\"><\/iframe><\/div>\n<\/div>\n<\/div><\/div><\/div><\/div><div id=\"pg-12-3\"  class=\"panel-grid panel-has-style\" ><div class=\"lsow-row siteorigin-panels-stretch panel-row-style panel-row-style-for-12-3\" data-stretch-type=\"full-stretched-padded\" ><div id=\"pgc-12-3-0\"  class=\"panel-grid-cell panel-grid-cell-empty\" ><\/div><div id=\"pgc-12-3-1\"  class=\"panel-grid-cell panel-grid-cell-mobile-last\" ><div id=\"panel-12-3-1-0\" class=\"so-panel widget widget_sow-cta panel-first-child panel-last-child\" data-index=\"5\" ><div\n\t\t\t\n\t\t\tclass=\"so-widget-sow-cta so-widget-sow-cta-default-f0185ea650fb-12\"\n\t\t\t\n\t\t><div\n\tclass=\"sow-cta-base\"\n\t>\n\t\n\t<div class=\"sow-cta-wrapper\">\n\n\t\t<div class=\"sow-cta-text\">\n\t\t\t\t\t\t\t<h4 class=\"sow-cta-title\">\n\t\t\t\t\tSie haben Fragen oder ben\u00f6tigen eine Beratung zur Hausabsicherung ?\t\t\t\t<\/h4>\n\t\t\t\n\t\t\t\t\t<\/div>\n\n\t\t<div\n\t\t\t\n\t\t\tclass=\"so-widget-sow-button so-widget-sow-button-atom-df8fbad5ec5f\"\n\t\t\t\n\t\t><div class=\"ow-button-base ow-button-align-center\"\n>\n\t\t\t<a\n\t\t\t\t\thref=\"https:\/\/schliessanlagen-saar.de\/?page_id=10\"\n\t\t\t\t\tclass=\"sowb-button ow-icon-placement-left ow-button-hover\" target=\"_blank\" rel=\"noopener noreferrer\" \t>\n\t\t<span>\n\t\t\t\n\t\t\tKontakt\t\t<\/span>\n\t\t\t<\/a>\n\t<\/div>\n<\/div>\n\t<\/div>\n\n\t<\/div>\n<\/div><\/div><\/div><div id=\"pgc-12-3-2\"  class=\"panel-grid-cell panel-grid-cell-empty\" ><\/div><\/div><\/div><\/div>","protected":false},"excerpt":{"rendered":"<p>Die Saarbr\u00fccker Schl\u00fcsseldienst GmbH ist ein in mehreren Fachbereichen zertifiziertes Unternehmen. So sind wir z.B. auf der Errichterliste der Polizei Saarbr\u00fccken als Fachbetrieb f\u00fcr Sicherheitstechnik gelistet. Diese Beratungskompetenz setzt hohe Investitionen in Personal und Technik voraus. In unseren Beratungsgespr\u00e4chen wollen<\/p>\n","protected":false},"author":1,"featured_media":0,"parent":73,"menu_order":0,"comment_status":"closed","ping_status":"closed","template":"page-templates\/full-width.php","meta":{"footnotes":""},"class_list":["post-12","page","type-page","status-publish","hentry"],"_links":{"self":[{"href":"https:\/\/schliessanlagen-saar.de\/index.php?rest_route=\/wp\/v2\/pages\/12","targetHints":{"allow":["GET"]}}],"collection":[{"href":"https:\/\/schliessanlagen-saar.de\/index.php?rest_route=\/wp\/v2\/pages"}],"about":[{"href":"https:\/\/schliessanlagen-saar.de\/index.php?rest_route=\/wp\/v2\/types\/page"}],"author":[{"embeddable":true,"href":"https:\/\/schliessanlagen-saar.de\/index.php?rest_route=\/wp\/v2\/users\/1"}],"replies":[{"embeddable":true,"href":"https:\/\/schliessanlagen-saar.de\/index.php?rest_route=%2Fwp%2Fv2%2Fcomments&post=12"}],"version-history":[{"count":34,"href":"https:\/\/schliessanlagen-saar.de\/index.php?rest_route=\/wp\/v2\/pages\/12\/revisions"}],"predecessor-version":[{"id":1598,"href":"https:\/\/schliessanlagen-saar.de\/index.php?rest_route=\/wp\/v2\/pages\/12\/revisions\/1598"}],"up":[{"embeddable":true,"href":"https:\/\/schliessanlagen-saar.de\/index.php?rest_route=\/wp\/v2\/pages\/73"}],"wp:attachment":[{"href":"https:\/\/schliessanlagen-saar.de\/index.php?rest_route=%2Fwp%2Fv2%2Fmedia&parent=12"}],"curies":[{"name":"wp","href":"https:\/\/api.w.org\/{rel}","templated":true}]}}